/((-75)/198) + s/(-15).
10
Suppose 10*a - 516 = -4*g + 6*a, 0 = 2*g + 4*a - 266. What is the remainder when g is divided by 26?
21
Suppose 161*a - 21658 - 7322 = 0. Calculate the remainder when 2517 is divided by a.
177
Let w be ((-10)/(-8))/((-7)/28). Let g(z) = z**3 + 5*z**2 - 3*z. What is the remainder when 134 is divided by g(w)?
14
Suppose t + 21 = -5*r + r, -4*t + r - 16 = 0. Let g(l) = -2*l**3 - 7*l**2 + 3*l + 14. What is the remainder when g(t) is divided by 16?
10
Suppose 2*j - 3*j = 5*u + 62, 3*u = 4*j - 28. Let i(f) = f**3 + 12*f**2 + f + 16. Let k = 9 + -2. What is the remainder when k is divided by i(u)?
3
Suppose -m - 5*i = -47, 4*m + 5*i = 81 + 32. Calculate the remainder when -15 + m - (0 + -639) is divided by 108.
106
What is the remainder when 754 is divided by (-6 + 5)*1*(-19 + -2)?
19
Let l = 5443 - 5397. What is the remainder when 339 is divided by l?
17
Suppose 9*w - 7*w = 30. Suppose -59*f = -54*f - 10. Suppose p = 3*t - f*t - 35, t = -3*p + w. Calculate the remainder when 86 is divided by t.
26
Let c(t) = 2*t - 16. Let j be c(9). Suppose -3*o + 30 = -l - j*l, 0 = -o - 5*l - 2. Calculate the remainder when 13 is divided by 32/6 + o/12.
1
Let q(k) = 4*k**2 - 46*k + 136. What is the remainder when q(15) is divided by 16?
10
What is the remainder when 26 is divided by (-172)/(-10) + -12 + 767/65?
9
Let v = 14865 - 14227. What is the remainder when v is divided by 120?
38
Let c(t) = -2*t**2 - 19*t - 62. Let m be c(-5). Let a(j) = -j**3 - 20*j**2 - 52*j + 23. Calculate the remainder when 316 is divided by a(m).
36
Suppose -83*c + 300093 = -22113. What is the remainder when c is divided by 111?
108
Let c be (-36)/(-4) - (-18)/45*-20. Let k = 438 - -144. Calculate the remainder when (k/((-2)/c))/(3/(-1)) is divided by 50.
47
Suppose -o + 5*i = -0*o - 647, -2*o + 2*i + 1262 = 0. What is the remainder when o is divided by 105?
102
Let q = 7544 + -7374. Calculate the remainder when q is divided by 63.
44
Let f = 879 + -861. What is the remainder when 190 + ((-22)/(-6) - 104/(-78)) is divided by f?
15
Let r = 1247 - 1181. Suppose 0 = -l + 21 - 58. Let k = l + r. Calculate the remainder when k is divided by 6.
5
Suppose 2*x + 5 = 3. Let j(t) = -12*t**3 + t**2 + 2*t + 2. What is the remainder when 35 is divided by j(x)?
9
Let r = 25055 - 24987. What is the remainder when 896 is divided by r?
12
Let c be ((-5)/(10/(-4804)))/(6 - 5). Suppose i + 3 = 0, 5*f + i + 805 - c = 0. What is the remainder when f is divided by 27?
23
Let g(c) = -14*c**2 - 176*c - 35. What is the remainder when g(-9) is divided by 60?
55
Suppose -3*a + 264 = 7*l, 3*l + 23*a - 123 = 25*a. What is the remainder when 441 is divided by l?
12
Let x(m) = -35*m**3 + m**2 + m. Suppose -4*p + 121 = 125. What is the remainder when 174 is divided by x(p)?
34
Let i(b) = b**3 + 7*b**2 - 3*b + 6. Let w be 1/(((-2)/(-20))/((-7)/(-14))). Suppose -3*v + 824 = w*v. Calculate the remainder when v is divided by i(-7).
22
Suppose 37547 + 60874 = 159*d. What is the remainder when d is divided by 40?
19
Suppose -2*y + 6 = 2*q, 0 = -0*y + 5*y - 5. Suppose q*u - 3 = 5. Suppose 433 = 45*h - 377. What is the remainder when h is divided by u?
2
Suppose -2019*h - 86 = -2022*h + 4*v, -5*h = 2*v - 178. What is the remainder when -14*(87/6)/(-1) is divided by h?
33
What is the remainder when 742 is divided by ((405/20)/3)/((-20)/(-160))?
40
Let q be 1/(-2) - 2/(-4). Let y be ((7 - 8) + -1)/((-10)/20). What is the remainder when 4 is divided by 2/(2 + (q - 4)) + y?
1
Suppose 44 = -5*p - 4*b, 2*p + 4*b - 8 = -28. Let i = 415 + -243. Calculate the remainder when (0 - 1350/p) + (-129)/i is divided by 57.
54
Let h be 4 + 4*24/(-32). Suppose -k = -4*i, -k - 5*i + 10 = h. Calculate the remainder when 6 is divided by k.
2
Let g(w) = 46*w**2. Let m = -38 - 58. Let c = 184 + m. What is the remainder when c is divided by g(-1)?
42
Let l = 6543 + -6488. Suppose 2*h + 5 = 7. Let c = h - -14. What is the remainder when l is divided by c?
10
Let x = -4 + 32. Let s(k) = -k**3 - 28*k**2 - 43*k - 108. Let l be s(-27). Calculate the remainder when (l/(-21))/(16/(-56)) is divided by x.
26
Suppose -564 = -129*s + 440 + 157. What is the remainder when 759 is divided by s?
3
Suppose 160*y - 81 = 158*y + 187. Calculate the remainder when 3077 is divided by y.
129
Calculate the remainder when 842 is divided by (-23 - (-781)/55)*(-15)/4.
17
Suppose -4*s = 4*b - 52, 18*s - 5*b - 88 = 14*s. What is the remainder when 295 is divided by s?
6
Suppose p = 2*f + 113, -3*f - 182 = -0*p - 4*p. Let j = -706 - -718. Calculate the remainder when 54/(-36)*(f + 0) is divided by j.
9
Calculate the remainder when (-752)/(-3)*(-351)/(-234) is divided by 35.
26
Let p be -4 + (-8880)/50 - (-6)/10. Let s = -176 - p. Calculate the remainder when 14 is divided by s.
4
Suppose -5*y - 2*p = 457, y + 4*p = -2*y - 277. Let g = 95 + y. Suppose -5*w = 3*t - 3 - 25, -2*w + 42 = g*t. What is the remainder when 53 is divided by t?
9
Let c = -330 + 679. Calculate the remainder when c is divided by 52 - 60/330*-341.
7
Let r(h) = 7*h - 88. Let l be r(12). What is the remainder when 192 is divided by l*2/(-8) + 12?
10
Let t(j) = j**2 + 2*j + 2. Let x be t(3). Suppose -x*g + 40*g - 230 = 0. Calculate the remainder when g is divided by 5.
0
Suppose -2*m + 4*r + 106 = 0, -4*m - 52*r + 48*r + 308 = 0. What is the remainder when m is divided by 55?
14
Suppose 5*i + 560 - 5775 = 0. Suppose 21*d = i + 490. What is the remainder when d is divided by 15?
13
Let j = 112 + -499. Let z = 406 + j. Let l = -6 + 10. What is the remainder when z is divided by l?
3
Let z(y) be the second derivative of -2*y - 5/12*y**4 - 19/6*y**3 + 0 + 0*y**2. Calculate the remainder when 30 is divided by z(-3).
6
Let y(i) = i**3 - 34*i**2 + 37*i - 108. What is the remainder when 88 is divided by y(33)?
16
Let y(k) = 5*k + 28. Let d(t) = -18*t - 111. Let h(x) = 2*d(x) + 9*y(x). What is the remainder when 66 is divided by h(-2)?
6
Let i(b) = b**3 + 7*b**2 - 15. Calculate the remainder when 278 is divided by i(-5).
33
Suppose h = -4*a + 2*a + 423, -2*a = -2*h - 432. Calculate the remainder when a is divided by 2.
1
Let f = 235 - 80. Suppose 0 = -7*j + 433 + f. Let h = 89 - j. Calculate the remainder when 7 is divided by h.
2
Suppose 75*b - 80*b + 5*p = -130, -3*b = -5*p - 76. Calculate the remainder when 87 is divided by b.
6
Let r(b) = b**2 + 2*b - 3. Let y be r(2). Suppose y*o = 13 + 2, -d + o + 7 = 0. Calculate the remainder when 19 is divided by d.
9
Suppose 6 + 0 = 2*d. Let s be (-174)/(-45) - (-6)/45. Suppose 27*x - 31*x + s = 0. Calculate the remainder when d is divided by x.
0
Suppose 3*c - 5*a - 1039 = -14, 4*c - 1357 = -3*a. Calculate the remainder when c is divided by 22.
10
Suppose -505*z - 35 = -512*z. Suppose -365 = -z*n + 80. Calculate the remainder when n is divided by 43.
3
Suppose -5*s + 3687 + 2633 = 0. Suppose 9*z - z - s = 0. Let t = 222 - z. Calculate the remainder when t is divided by 18.
10
Let h = 246 - 237. Calculate the remainder when 359 is divided by 3/h*9/(-3)*-72.
71
Let q(w) = -w + 51. Let y be q(-14). What is the remainder when 2/(-6) - (-444)/9 is divided by y/2*(-80)/(-200)?
10
Let u = -36269 - -38667. What is the remainder when u is divided by 60?
58
Let v(a) be the third derivative of a**6/120 + 23*a**5/60 + 25*a**4/12 + 13*a**3/6 + 3*a**2 + 51. Calculate the remainder when v(-16) is divided by 53.
51
Let u(a) = -12*a**2 - 113*a - 17. Let w be (0 + (-39)/(-12))*4. Let f(c) = -c**2 + 17*c - 31. What is the remainder when u(-9) is divided by f(w)?
7
Suppose 32 + 22 = 2*z. Suppose 96*o - 108*o = -192. What is the remainder when z is divided by o?
11
Let c(n) = -9*n**3 - 4*n**2 - 9*n - 14. Calculate the remainder when 14578 is divided by c(-2).
58
Let g be (2 - 9/1) + 2*1. Suppose -2*q + 3*j + j + 82 = 0, 0 = 5*j - 20. What is the remainder when q is divided by 7/((-1)/10*g)?
7
Let q(p) = 14*p + 16. Let t be q(-1). Calculate the remainder when 222 is divided by t/(-2 - (-342)/168).
54
Let g(x) = 2*x**2 + 5*x + 21. Let z be g(-4). Suppose -4*w = -217 + z. Let u = w - 42. What is the remainder when 35 is divided by u?
3
Suppose 0 = -16*x + 4*x + 62*x - 3850. What is the remainder when 279 is divided by x?
48
Let c(n) = -n + 46. Let m be c(-20). Calculate